 greatest common divisor of 107 and 107?
107
Calculate the highest common factor of 122 and 61366.
122
Calculate the highest common factor of 8 and 12952.
8
What is the highest common factor of 275 and 425?
25
Calculate the highest common factor of 1040 and 760.
40
Calculate the highest common factor of 581 and 747.
83
Calculate the greatest common factor of 152 and 133.
19
What is the highest common divisor of 10 and 490?
10
What is the highest common divisor of 616 and 484?
44
Calculate the greatest common factor of 11703 and 747.
249
What is the highest common factor of 477 and 1855?
53
What is the greatest common factor of 4 and 98?
2
Calculate the highest common divisor of 432 and 16.
16
What is the highest common divisor of 2337 and 57?
57
Calculate the highest common factor of 3260 and 20.
20
What is the highest common divisor of 32 and 904?
8
What is the highest common factor of 7 and 4?
1
What is the highest common divisor of 12 and 76?
4
Calculate the greatest common factor of 30 and 1790.
10
What is the highest common divisor of 148 and 18944?
148
Calculate the greatest common factor of 88 and 484.
44
Calculate the highest common divisor of 657 and 365.
73
Calculate the highest common divisor of 945 and 1386.
63
Calculate the highest common divisor of 70 and 19054.
14
Calculate the highest common factor of 545 and 65.
5
Calculate the greatest common divisor of 28 and 2282.
14
Calculate the greatest common factor of 117 and 99.
9
Calculate the greatest common factor of 2601 and 27.
9
What is the greatest common divisor of 16 and 328?
8
Calculate the highest common factor of 96 and 1632.
96
What is the highest common factor of 12184 and 8?
8
Calculate the greatest common divisor of 332 and 83.
83
What is the greatest common divisor of 20 and 35?
5
What is the highest common factor of 96 and 576?
96
What is the highest common divisor of 24 and 32?
8
Calculate the highest common factor of 5307 and 174.
87
Calculate the highest common factor of 60 and 144.
12
What is the highest common factor of 86 and 731?
43
What is the highest common factor of 720 and 1640?
40
What is the greatest common divisor of 6405 and 105?
105
Calculate the greatest common divisor of 265 and 106.
53
What is the greatest common factor of 597 and 27860?
199
What is the highest common divisor of 39 and 48?
3
What is the greatest common divisor of 1 and 41?
1
Calculate the greatest common divisor of 1 and 89.
1
What is the highest common divisor of 5 and 1?
1
What is the greatest common factor of 4107 and 481?
37
What is the highest common factor of 160 and 48?
16
Calculate the greatest common factor of 13938 and 101.
101
Calculate the highest common divisor of 24 and 174.
6
What is the greatest common factor of 27 and 9603?
9
What is the greatest common divisor of 6296 and 16?
8
Calculate the greatest common divisor of 30 and 13710.
30
Calculate the highest common divisor of 6 and 366.
6
Calculate the highest common divisor of 9 and 3897.
9
Calculate the highest common divisor of 126 and 1053.
9
What is the greatest common divisor of 60 and 1020?
60
What is the highest common factor of 3 and 14409?
3
Calculate the highest common divisor of 376 and 688.
8
What is the greatest common divisor of 8 and 898?
2
What is the greatest common factor of 132 and 22?
22
What is the greatest common divisor of 42 and 150?
6
Calculate the highest common factor of 406 and 224.
14
Calculate the greatest common divisor of 29 and 1276.
29
Calculate the highest common factor of 913 and 352.
11
Calculate the greatest common factor of 3768 and 24.
24
What is the highest common divisor of 70 and 1568?
14
What is the highest common factor of 220 and 700?
20
What is the highest common divisor of 518 and 63?
7
Calculate the highest common divisor of 11 and 704.
11
What is the greatest common divisor of 6 and 147?
3
What is the greatest common divisor of 1130 and 5?
5
Calculate the greatest common factor of 11652 and 12.
12
What is the highest common factor of 10 and 110?
10
What is the greatest common factor of 48 and 25104?
48
What is the greatest common divisor of 3713 and 846?
47
What is the greatest common divisor of 92 and 989?
23
Calculate the highest common factor of 18 and 12411.
9
What is the highest common divisor of 240 and 5220?
60
Calculate the highest common factor of 42 and 1190.
14
Calculate the greatest common divisor of 3977 and 82.
41
Calculate the greatest common factor of 783 and 29.
29
Calculate the greatest common factor of 846 and 828.
18
What is the highest common factor of 15517 and 789?
263
What is the greatest common divisor of 5676 and 1056?
132
What is the highest common factor of 882 and 162?
18
What is the greatest common divisor of 208 and 273?
13
Calculate the greatest common factor of 12 and 876.
12
Calculate the greatest common divisor of 14 and 42.
14
Calculate the greatest common factor of 1050 and 230.
10
Calculate the highest common factor of 16 and 68.
4
What is the highest common divisor of 77 and 1022?
7
What is the highest common divisor of 112 and 1288?
56
Calculate the greatest common divisor of 3638 and 102.
34
What is the greatest common divisor of 6 and 294?
6
What is the greatest common factor of 840 and 112?
56
What is the greatest common divisor of 6 and 228?
6
Calculate the highest common divisor of 1066 and 26.
26
Calculate the highest common divisor of 5536 and 173.
173
What is the highest common divisor of 136 and 24?
8
Calculate the greatest common factor of 29532 and 276.
276
What is the highest common factor of 62 and 62?
62
What is the greatest common divisor of 632 and 424?
8
What is the highest common divisor of 9 and 6?
3
Calculate the greatest common divisor of 52 and 572.
52
What is the greatest common factor of 434 and 28?
14
What is the greatest common divisor of 14 and 154?
14
Calculate the highest common divisor of 11 and 61.
1
Calculate the highest common divisor of 144 and 232.
8
Calculate the highest common factor of 4127 and 1.
1
What is the greatest common divisor of 11882 and 78?
26
Calculate the highest common divisor of 6 and 168.
6
Calculate the greatest common divisor of 904 and 40.
8
Calculate the greatest common divisor of 77 and 33.
11
Calculate the highest common divisor of 25474 and 94.
94
What is the greatest common divisor of 116 and 377?
29
What is the greatest common factor of 13160 and 94?
94
What is the greatest common factor of 336 and 714?
42
What is the greatest common divisor of 1265 and 275?
55
What is the greatest common divisor of 665 and 20?
5
What is the greatest common divisor of 83 and 1660?
83
What is the greatest common factor of 129 and 172?
43
Calculate the highest common factor of 361 and 1824.
19
Calculate the highest common divisor of 59 and 86081.
59
What is the highest common factor of 36778 and 28?
14
Calculate the highest common divisor of 360 and 80.
40
Calculate the greatest common factor of 741 and 39.
39
What is the greatest common factor of 130 and 16705?
65
Calculate the highest common divisor of 54 and 189.
27
Calculate the greatest common divisor of 312 and 13.
13
Calculate the greatest common divisor of 1057 and 3775.
151
Calculate the greatest common factor of 1 and 839.
1
Calculate the highest common divisor of 477 and 106.
53
What is the highest common divisor of 8 and 212?
4
Calculate the highest common factor of 321 and 2033.
107
What is the highest common factor of 204 and 1768?
68
What is the greatest common divisor of 632 and 256?
8
What is the greatest common factor of 70 and 105?
35
Calculate the highest common factor of 93 and 62.
31
Calculate the greatest common factor of 2 and 29.
1
What is the highest common factor of 44 and 418?
22
Calculate the greatest common divisor of 76 and 38.
38
What is the greatest common factor of 5538 and 156?
78
What is the greatest common divisor of 78 and 754?
26
What is the highest common factor of 469 and 7906?
67
What is the highest common divisor of 18 and 22527?
9
Calculate the greatest common divisor of 615 and 15.
15
What is the highest common factor of 270 and 16560?
90
Calculate the highest common divisor of 253 and 253.
253
What is the greatest common divisor of 3159 and 325?
13
Calculate the highest common factor